, 3*b - 6653 = -4*h - 489. Calculate the remainder when b is divided by 25.
19
Let g = 2 + -65. Let r = g - -24. Let a = -23 - r. Calculate the remainder when a is divided by 10.
6
Let m = -1564 - -1579. Suppose -287 = -5*l + 2*k - k, 0 = k + 2. Calculate the remainder when l is divided by m.
12
Let u(j) = -2*j**2 - 18*j + 2353. Calculate the remainder when 3626 is divided by u(30).
12
Suppose 5*q + 71 = -94. Let v = -16 - q. Suppose 666*a - 54305 = 24283. Calculate the remainder when a is divided by v.
16
Let x = -1 - -53. Let t(v) = -2134*v - 25594. Calculate the remainder when x is divided by t(-12).
10
Let g = 319 + -306. Suppose g*p - 10*p = 69. Calculate the remainder when 63 is divided by p.
17
Let p = 3393 - 3157. Calculate the remainder when 237 is divided by p.
1
Suppose -23*j - 153 = -308 - 420. Suppose -379 = -4*b + 2*z - 97, 12 = 4*z. Calculate the remainder when b is divided by j.
22
Let o(d) = 5*d**2 + 147*d - 12. What is the remainder when 159 is divided by o(-30)?
3
Let k(d) = -6*d + 11. Suppose 3*g + 9 = 0, -3*l - 43 = 2*g - 118. Calculate the remainder when k(-7) is divided by l.
26
What is the remainder when 523 is divided by (2*1 - (-427)/14)*(-2200)/(-1375)?
3
Let t(i) = -i**3 - 7*i**2 + 3*i - 15. What is the remainder when 93/(-186) - (270/(-4) + 0) is divided by t(-8)?
17
Let z = 49 - 10. Let b = -281 - -237. Let k = -24 - b. Calculate the remainder when z is divided by k.
19
Suppose 0 = 7*y - 4502 - 1371. Let v = y + -500. Calculate the remainder when v is divided by 19.
16
Let v be 3 - (-1 + -1 + (-13 - 108)). Suppose -v = -3*d - 3*d. Calculate the remainder when 81 is divided by d.
18
Let t(h) = -h**2 + 15*h - 4. Let p be t(14). Let r(o) = -5*o**2 + 53*o - 11. What is the remainder when 146/(-1)*(-5)/10 is divided by r(p)?
16
Suppose 90*n - 88*n = 4*f + 662, -3*f = -4*n + 1324. What is the remainder when n is divided by 19?
8
Let c = 47 - 39. Suppose 0 = -c*s - 0*s + 264. What is the remainder when 197 is divided by s?
32
Let h(b) = 394*b - 1943. Calculate the remainder when h(6) is divided by 90.
61
Let x = 49 + -32. What is the remainder when 4 - 2 - (-52 + -10) is divided by x?
13
Let i = 1500 - 1142. Calculate the remainder when i is divided by 118.
4
Suppose -5*o + 18*q = 17*q - 209, -2*o + 85 = q. What is the remainder when 541 is divided by o?
37
Calculate the remainder when 10*1309/175*5/2 is divided by 7.
5
Let i(j) = 11*j**2 - 51*j + 2. What is the remainder when 370 is divided by i(5)?
18
Suppose -x - 150 = -o, 3*x - o - 85 + 545 = 0. Let a = 185 + x. Calculate the remainder when 98 is divided by a.
8
Suppose -296 = 15*i - 716. What is the remainder when 912 is divided by i?
16
Suppose 8*k = -9*k. Suppose 17*f - 25*f + 264 = k. Calculate the remainder when (21/2)/((-6)/(-36)) is divided by f.
30
Let c be (-348)/(-9) + 2/6. Let v be (16/3 - 6)/(1/75). Let p = c - v. What is the remainder when p is divided by 18?
17
Let w = -49616 - -49643. Let n(o) = 4*o**2 + o - 1. What is the remainder when n(5) is divided by w?
23
What is the remainder when 576 is divided by (-286)/78 - 376/(-6)?
45
Let o = 1312 - 939. What is the remainder when o is divided by 31?
1
Suppose 91*i - 99*i + 6448 = 0. What is the remainder when i is divided by 101?
99
Let s(m) = 1049*m**2 - 4*m + 2. What is the remainder when s(-1) is divided by 133?
124
Let l be (-4)/(2*-1 + 0). What is the remainder when (197/591)/(442/(-222) - -2) is divided by (-1 - 42/(-4))*l?
18
Suppose 0 = -2*z - 3*y + 3431, -5*z + 0*y + 8504 = -3*y. Calculate the remainder when z is divided by 568.
1
Suppose -4 = -g, -2*t + 5*g + 120 = 13*g. Calculate the remainder when 2331 is divided by t.
43
Suppose -4*y + 12 = -0, -179 = 4*p - y. Let r = 30894 + -30871. What is the remainder when r is divided by (-3)/6*p/2?
1
Suppose q + 177 = 2*q. Suppose -540 = -4*z + 27*p + 25*p, 4*z - p - 81 = 0. What is the remainder when q is divided by z?
15
Let q(i) = 3*i + 63. Let l be q(23). Calculate the remainder when (-116)/3*(-594)/l is divided by 30.
24
Let a(u) = -4*u**2 + 1. Let y be a(1). Let j be (2/(-4))/(1855/(-618) - y). Let n = 443 - j. Calculate the remainder when n is divided by 27.
26
Let a(y) = y - 23. Let s be 7/(21/6) + -4 - -34. Calculate the remainder when 18 is divided by a(s).
0
Let p be (-54)/63*14/(-4). Let d(w) = -2 + p - 5 + 1 - w. Calculate the remainder when 5 is divided by d(-8).
0
Suppose 13 = l - 4*y + 9, -3*l = -4*y - 44. Let b be 33/15 + (-1)/5. Suppose 0 = -3*v + b*v + 117. What is the remainder when v is divided by l?
17
Suppose 3265 = 16*k - 319. Calculate the remainder when 668 is divided by k.
220
Let c = -7639 + 7774. What is the remainder when c is divided by 28?
23
Let g(f) = -f**2 + 4*f + 12. Let m be g(0). Suppose -m = -4*p, t - 2*p - 8 = -p. Let u(k) = -6*k - 4. Calculate the remainder when u(-7) is divided by t.
5
Suppose 0 = -4*u - 16, 2*x - 4*u - 92 = -u. Suppose 0*r - 8 = -2*o + 4*r, 0 = -3*o + r - 3. What is the remainder when 79 + (1 - (6 + o)) is divided by x?
36
Suppose 26 = 3*n - 2*n. Let p = -52 - -58. Calculate the remainder when n is divided by p.
2
Let t = 22 + -1. Let p = 80491 - 80482. What is the remainder when t is divided by p?
3
Suppose 39*l - 236314 = -83*l. What is the remainder when l is divided by 51?
50
Let i(b) = b**2 - 19*b + 48. Let h be i(3). Suppose -8*q + 197 + 363 = h. What is the remainder when 348 is divided by q?
68
Let o = 367 - 421. Calculate the remainder when 26 is divided by (4/(-18) - 66/o) + 5.
2
Suppose 10*w + 5*d - 4 = 8*w, -7 = -w - 5*d. What is the remainder when 124 is divided by 11 - (-10)/(w + 1)?
4
Let u be (408/(-119))/(1/(-7)). Let f(k) = -2*k**3 + 47*k**2 + 28*k - 77. Calculate the remainder when 49 is divided by f(u).
11
Suppose 0*k = -o - k + 21, 3 = o - 5*k. Suppose -2*c = 5*n - 85, -4*c + 3*n = -137 - 72. What is the remainder when c is divided by o?
14
Suppose 0 = -3*n - 15, -22*h + 6*n = -26*h + 850. Calculate the remainder when h is divided by 75.
70
Let x(l) = 248*l + 1407. What is the remainder when 325 is divided by x(-5)?
158
Let u(p) = -p**2 - 13. Let m be u(4). Suppose -5*o - f + 61 + 111 = 0, 5*o - 178 = f. Let d = m + o. What is the remainder when 17 is divided by d?
5
Let f(d) = 4*d + 18. Suppose -8*s + 7*s - 7 = 0. Let u be f(s). Let y(h) = -2*h + 13. What is the remainder when y(u) is divided by 12?
9
What is the remainder when 1517 is divided by (-172)/(-22) + (-840)/220 + 4?
5
Suppose 11*o + 0*o - 187 = 0. Suppose 0 = -14*c - 247 + 513. Calculate the remainder when c is divided by o.
2
Let o(f) = 2*f**2 - 9*f - 14. Let d be (-11 - -8)/((-6)/70). Let z be 10/d - 44/7. What is the remainder when o(z) is divided by 39?
34
Let b = -34 + 36. Suppose 0 = -b*j + 4*j - 30. Suppose 5*y + 4*s = 251, y - j = 5*s + 12. What is the remainder when y is divided by 8?
7
Suppose -4*n = -q - 57, 8*n = 13*n - q - 72. Suppose 5*t - i = 27, t - i + n = 3*t. Calculate the remainder when 17 is divided by t.
5
What is the remainder when 597 is divided by (-75)/(-30)*9/(495/2794)?
89
Let q = 3873 + -3657. What is the remainder when q is divided by 27?
0
Suppose 54*v - 18230 - 15628 = 1890. What is the remainder when v is divided by 6?
2
Let l(s) = 7*s + 54. Suppose -9 - 26 = 5*y. Let f(d) = -d**2 + 7*d + 24. What is the remainder when f(7) is divided by l(y)?
4
Let c(a) = a**2 - 13*a + 40. Let w be c(8). Suppose w = 5*b - 7*b + 42. Suppose 3*q + b - 33 = 0. Calculate the remainder when 10 is divided by q.
2
Let n(g) = -11*g**3 - 2*g**2 + 46*g - 129. Let f be n(3). Let p = -274 - f. Calculate the remainder when 142 is divided by p.
14
Suppose 2*q = -v + 90, -v - 3*q - q + 92 = 0. Suppose -2*t - 3*k + 114 = 0, -108*k = -5*t - 110*k + 241. Calculate the remainder when v is divided by t.
43
Suppose -7*b = 19*b - 41*b + 5310. What is the remainder when b is divided by 65?
29
Let h = 188 - 71. Suppose h = 12*a - 75. Suppose -a*v = -5*v - 1034. Calculate the remainder when v is divided by 24.
22
What is the remainder when -1*9/6*144/(-108)*238 is divided by 43?
3
Let r(x) = x**3 - x + 15. Let j(t) = -t**2 + 23*t + 281. Calculate the remainder when j(28) is divided by r(0).
6
Suppose z + 4*n - 868 = 0, 4*n - 7*n + 1781 = 2*z. Calculate the remainder when z is divided by 152.
144
Let t(c) = -c - 7. 